).
-5
Let k(d) = 27*d - 4159. What is k(155)?
26
Let p(d) = -d**2 + 1010*d + 30149. Calculate p(-29).
18
Let w(m) = -m**2 + 37*m - 175. What is w(15)?
155
Let b(m) = -m**2 + 70*m + 14142. What is b(159)?
-9
Let a(z) = 5*z**3 + 323*z**2 + 192*z + 46. Determine a(-64).
46
Let u(z) = -z**2 + 58*z + 247. Calculate u(-4).
-1
Let w(y) = -82*y + 1090. Calculate w(14).
-58
Let b(w) = 61*w - 4285. What is b(70)?
-15
Let n(r) = r**3 + r**2 - 38*r - 70. What is n(-6)?
-22
Let r(t) = -t**2 + 59*t - 911. Calculate r(36).
-83
Let z(d) = 4*d**2 + 33*d + 67. What is z(-3)?
4
Let s(d) = 57*d**2 + 190*d + 4. Give s(-3).
-53
Let b(n) = -n**3 - 20*n**2 + 33*n + 1017. Calculate b(-19).
29
Let y(h) = -25*h + 28. Determine y(-5).
153
Let n(x) = -x**2 + 116*x - 450. Determine n(112).
-2
Let w(s) = -s**2 + 16*s - 83. What is w(8)?
-19
Let y(q) = -17*q**3 - 8*q**2 - 91*q - 325. What is y(-4)?
999
Let n(l) = -l**3 - 9*l**2 + 44*l + 134. Give n(-4).
-122
Let l(p) = p**3 - 206*p**2 + 230*p - 5128. Give l(205).
-3
Let l(g) = 2*g**2 - 179*g - 178. Calculate l(-1).
3
Let k(s) = 50*s + 192. Determine k(-4).
-8
Let h(t) = -106*t + 1320. Calculate h(14).
-164
Let k(c) = c**2 - 229*c + 4165. Determine k(20).
-15
Let t(k) = 8*k - 55. Calculate t(-18).
-199
Let m(p) = -197*p**2 - 1164*p + 98. Give m(-6).
-10
Let m(j) = 150*j - 437. Give m(7).
613
Let y(m) = -104*m - 770. Calculate y(-11).
374
Let x(j) = -j**2 + 57*j - 201. Calculate x(52).
59
Let r(o) = o**2 - 938*o + 4674. Give r(5).
9
Let n(o) = 117*o - 792. Calculate n(7).
27
Let k(u) = 62*u + 8626. Give k(-139).
8
Let o(p) = 242*p - 4612. Give o(19).
-14
Let l(a) = 2*a**3 + 403*a**2 + 205*a + 792. What is l(-201)?
-12
Let u(x) = -x**3 + 21*x**2 - 94*x + 12. Calculate u(15).
-48
Let z(r) = 13*r**2 - 53*r - 43. Calculate z(5).
17
Let r(p) = 642*p**2 + 1275*p - 13. Calculate r(-2).
5
Let p(m) = -m**2 + 2*m + 533. Calculate p(24).
5
Let r(c) = -c**2 + 11*c + 137. Calculate r(0).
137
Let t(p) = p**3 - 90*p**2 + 348*p - 382. Calculate t(86).
-38
Let w(c) = c**3 + 3*c**2 - 26*c - 65. Give w(-4).
23
Let c(u) = -1366*u + 9535. Give c(7).
-27
Let y(s) = 14*s**2 - 95*s - 11. Determine y(7).
10
Let o(u) = 2*u**3 - 6*u**2 - 25*u + 19. Determine o(5).
-6
Let b(o) = -44*o + 461. Calculate b(9).
65
Let m(n) = -10*n**2 - 468*n + 274. Determine m(-47).
180
Let t(k) = -k**3 + 2*k**2 + 40*k + 92. Calculate t(7).
127
Let c(n) = -5444*n - 59891. Give c(-11).
-7
Let u(b) = -67*b - 1479. Determine u(-22).
-5
Let k(n) = -n**3 + 22*n**2 + 80*n + 69. Calculate k(25).
194
Let a(s) = 3037*s + 9110. What is a(-3)?
-1
Let f(j) = -j**2 - 78*j + 1069. Determine f(12).
-11
Let v(j) = -2*j**3 + 15*j**2 + 25*j + 18. Give v(9).
0
Let u(b) = 163*b - 51. Give u(0).
-51
Let p(s) = s**3 - 79*s**2 + 152*s + 143. Calculate p(77).
-11
Let j(a) = -17*a**3 + 64*a**2 + 18*a + 8. Determine j(4).
16
Let j(g) = 27134*g**2 - 135670*g - 5. Give j(5).
-5
Let s(o) = o**3 - 8*o**2 + 74*o - 370. Determine s(6).
2
Let o(k) = -3*k**2 - 8*k + 31. Calculate o(-7).
-60
Let h(o) = 14*o**2 - 1859*o + 7213. Calculate h(4).
1
Let c(y) = -5*y**3 + 9*y**2 + 7*y + 16. What is c(5)?
-349
Let a(f) = f**2 - 25*f + 170. Calculate a(11).
16
Let s(k) = -k**3 - 53*k**2 + 116*k - 39. What is s(-55)?
-369
Let s(k) = -135*k + 21876. What is s(162)?
6
Let q(c) = 401*c + 25681. Give q(-64).
17
Let x(z) = z**3 + 11*z**2 - 22*z - 234. Give x(-10).
86
Let h(l) = -84*l**2 - 29*l + 14. Determine h(-3).
-655
Let o(t) = -t**2 + 73*t - 658. Calculate o(12).
74
Let v(f) = -f**3 - 34*f**2 - 17*f - 112. What is v(-33)?
-640
Let v(n) = -n**3 - 15*n**2 + 15*n + 50. Give v(-15).
-175
Let b(n) = -n**3 + 8*n**2 + 15*n - 26. Determine b(8).
94
Let r(v) = -7249*v + 79746. Determine r(11).
7
Let v(b) = 2551*b + 7659. Determine v(-3).
6
Let h(c) = -85*c + 2626. Give h(31).
-9
Let s(d) = -d**2 + 12*d + 354. Give s(-14).
-10
Let s(t) = t**3 + 12*t**2 - 3*t - 39. Give s(-12).
-3
Let b(t) = 2*t**2 - 5*t - 81. Calculate b(8).
7
Let m(w) = -9*w**2 - 18*w + 236. Determine m(6).
-196
Let a(x) = -2*x**2 - 67*x + 409. What is a(-39)?
-20
Let b(y) = y**3 + 2*y**2 - 50*y - 166. Determine b(-4).
2
Let q(j) = 3*j - 96. Determine q(-17).
-147
Let k(i) = 241*i - 45072. What is k(187)?
-5
Let z(f) = -11*f**2 - 51*f - 13. Determine z(-3).
41
Let i(h) = -505*h + 4027. Determine i(8).
-13
Let m(v) = 103*v**2 - 57*v + 56. What is m(1)?
102
Let p(o) = o**2 - 49*o - 224. Calculate p(53).
-12
Let x(p) = -228*p + 3201. What is x(14)?
9
Let h(c) = 2*c**3 - 255*c**2 + 126*c + 173. Calculate h(127).
46
Let l(r) = r**3 + 6*r**2 + 31. What is l(-8)?
-97
Let q(r) = 9*r**2 - 186*r - 74. Determine q(21).
-11
Let v(z) = 2*z**2 - 157*z - 469. What is v(-3)?
20
Let b(p) = 91*p**3 + 14*p**2 - p + 2. Determine b(0).
2
Let k(d) = 278*d**2 - 54*d + 53. Determine k(1).
277
Let o(l) = 8*l + 9. Determine o(21).
177
Let d(i) = -3*i**2 - 447*i + 10703. Give d(21).
-7
Let n(w) = -w**3 - 26*w**2 - 21*w - 548. What is n(-26)?
-2
Let u(q) = 5*q**3 + 7*q**2 + 15*q + 13. Give u(-4).
-255
Let c(a) = -22*a + 602. Calculate c(25).
52
Let w(x) = -3*x**2 + 48*x - 116. Calculate w(3).
1
Let h(g) = -g**3 - 17*g**2 - 64*g + 5. Give h(-5).
25
Let v(d) = -d**3 + 13*d**2 - 38*d + 1. Determine v(5).
11
Let b(u) = -4*u**3 - 17*u**2 + u + 4. Calculate b(-4).
-16
Let q(m) = -m**2 + 6*m + 18. Determine q(-6).
-54
Let l(u) = u**3 - 16*u**2 - 20*u + 52. Calculate l(17).
1
Let v(w) = -w**3 - 56*w**2 - 2*w - 106. Give v(-56).
6
Let z(t) = 3*t**2 + 60*t + 33. Calculate z(-11).
-264
Let b(t) = t**3 + 13*t**2 - 22*t - 103. Give b(-13).
183
Let i(l) = 119*l - 116. Determine i(1).
3
Let x(o) = -70*o - 1137. Determine x(-16).
-17
Let a(q) = -q**3 - 5*q**2 + 12*q + 32. Determine a(-8).
128
Let u(o) = 4*o**3 - 21*o**2 + 42*o - 107. Determine u(4).
-19
Let h(t) = t**3 - 26*t**2 + 14*t + 825. Calculate h(24).
9
Let h(b) = 7*b**3 + 352*b**2 + 107*b + 261. What is h(-50)?
-89
Let k(n) = n**3 - 112*n**2 - 1348*n - 627. Calculate k(123).
-12
Let p(q) = -q**3 - 41*q**2 - 16*q - 486. Calculate p(-41).
170
Let s(o) = o**3 - 14*o**2 + 58*o - 38. Calculate s(5).
27
Let b(t) = 4*t**2 + 52*t. Give b(-13).
0
Let h(o) = -o**3 + 14*o**2 - 24*o + 98. Calculate h(6).
242
Let x(w) = w**3 + 127*w**2 + 951*w - 118. Calculate x(-119).
1
Let z(v) = -v**2 - 111*v - 2167. Give z(-25).
-17
Let h(w) = -622*w + 78995. Determine h(127).
1
Let p(y) = 163*y + 28185. Give p(-173).
-14
Let p(y) = 633*y - 3549. Calculate p(6).
249
Let k(c) = -8*c**3 + 83*c**2 - 20*c - 96. Give k(10).
4
Let p(t) = -t**3 + 44*t**2 - 515*t + 700. What is p(20)?
0
Let m(w) = w**2 + 49*w + 525. Calculate m(-16).
-3
Let r(s) = -158*s - 572. Determine r(-4).
60
Let s(m) = -2*m**2 + 906*m - 13996. Give s(16).
-12
Let h(z) = 6710*z + 33548. What is h(-5)?
-2
Let x(o) = -o**2 - 26*o + 43. Give x(3).
-44
Let m(t) = -t**3 + 28*t**2 + 70*t - 284. What is m(30)?
16
Let p(m) = -3*m**2 + 11319*m - 22633. Calculate p(2).
-7
Let c(j) = -j**3 + 30*j**2 - 10*j + 138. Calculate c(30).
-162
Let r(j) = 4*j**2 + 92*j + 413. What is r(-6)?
5
Let l(t) = t**2 + 30*t - 75. Determine l(3).
24
Let c(k) = 20*k**2 - 7*k - 41. Determine c(-2).
53
Let b(w) = -w**3 + 13*w**2 + 8*w + 62. What is b(14)?
-22
Let z(k) = 12*k**3 - 3*k**2 - 47*k + 158. Determine z(4).
690
Let x(h) = -433*h - 8659. Give x(-20).
1
Let w(o) = -166*o - 5216. Determine w(-32).
96
Let c(k) = -4*k**2 - 121*k + 222. Give c(-32).
-2
Let a(b) = -60*b + 2820. Determine a(47).
0
Let m(p) = 74*p - 3750. Give m(53).
172
Let n(g) = 2*g**3 - 17*g**2 + 18*g - 89. Give n(8).
-9
Let w(s) = -4*s**2 - 16*s - 24. Calculate w(-2).
-8
Let d(m) = -m**3 + 26*m**2 + 23*m + 90. Give d(27).
-18
Let g(b) = -3*b**2 + 2*b - 5. Give g(5).
-70
Let x(j) = j**3 - 31*j**2 + 64*j - 283. Determine x(29).
-109
Let a(u) = -u**2 + 11*u - 26. What is a(2)?
-8
Let r(z) = 2*z**3 + 2*z**2 - 74*z + 59. Calculate r(-6).
143
Let i(a) = -5*a + 7. Determine i(-15).
82
Let n(i) = -i**3 - 4*i**2 + 39*i - 25. Calculate n(4).
3
Let z(l) = 3*l**2 - 47*l + 101. Determine z(12).
-31
Let k(m) = 7*m - 152. Give k(19).
-19
Let j(n) = n**2 - 40*n + 433. Determine j(15).
58
Let j(g) = -g**3 - 20*g**2 - 85*g + 71. What is j(-8)?
-17
Let i(u) = -59*u - 81. Calculate i(-8).
391
Let s(n) = 11*n**3 + 2*n**2 - 107*n - 109. Determine s(-1).
-11
Let x(m) = -m**3 - 25*m**2 +